?
-1249
In base 8, what is 1004 + -172?
612
In base 5, what is 0 + 200210?
200210
In base 16, what is 6 + 4027b?
40281
In base 13, what is 1 + 2333?
2334
In base 14, what is -bbb6 + -7?
-bbbd
In base 16, what is a4 + -448f?
-43eb
In base 10, what is 259 + -100?
159
In base 6, what is -23 + -110123?
-110150
In base 8, what is -21225 - 34?
-21261
In base 5, what is 300420 + 31?
301001
In base 11, what is 21a - -7aa?
a19
In base 15, what is -193 - -8b?
-107
In base 11, what is -26952 - -8?
-26945
In base 5, what is -22 - -20402?
20330
In base 12, what is b5 - 27b?
-186
In base 3, what is -1220211 + 21?
-1220120
In base 9, what is -266528 + 5?
-266523
In base 11, what is -245 - 779?
-a13
In base 12, what is 1 - -109a35?
109a36
In base 3, what is 11011212 - -10?
11011222
In base 10, what is 188 - -254?
442
In base 14, what is -7 - 27617?
-27620
In base 12, what is 578 - -3?
57b
In base 6, what is -51305 - -34?
-51231
In base 3, what is 101000 - -10012020?
10120020
In base 13, what is -2 - -355c4?
355c2
In base 13, what is 5 - -9338?
9340
In base 13, what is -9b - -26c?
1a1
In base 11, what is 3 - -52330?
52333
In base 9, what is 2684 + -10?
2674
In base 6, what is -112 + -1145?
-1301
In base 13, what is 172 - -137?
2a9
In base 11, what is 1363a - -1?
13640
In base 6, what is -11330 + 1?
-11325
In base 15, what is -8 - -49bbc?
49bb4
In base 4, what is 1123210 + -311?
1122233
In base 8, what is 1052 - -366?
1440
In base 7, what is 1213263 + 4?
1213300
In base 14, what is 485 + 10?
495
In base 15, what is -3b739 + -3?
-3b73c
In base 3, what is -22220021102 - -120?
-22220020212
In base 12, what is -57 + -5078?
-5113
In base 13, what is 5 + -2651?
-2649
In base 8, what is -7 - 21754?
-21763
In base 9, what is -7374 - 3?
-7377
In base 2, what is -10100001100001100 + -11?
-10100001100001111
In base 8, what is 36705 + 57?
36764
In base 13, what is 8544 - -3?
8547
In base 10, what is 11947 + 5?
11952
In base 12, what is -3 + -15054b?
-150552
In base 10, what is -266 + 196?
-70
In base 14, what is -4 + 562c?
5628
In base 8, what is -722 + 6?
-714
In base 10, what is -1 + 6086?
6085
In base 2, what is 1011011110110111 + -110?
1011011110110001
In base 13, what is c3b32 + -2?
c3b30
In base 4, what is -10322 + -2131023?
-2202011
In base 9, what is 1 + 2000280?
2000281
In base 8, what is 0 + 24224?
24224
In base 11, what is 14627 - -3?
1462a
In base 12, what is -3755b12 - -2?
-3755b10
In base 7, what is -3 + 25350?
25344
In base 2, what is -1110001100011 + -1010?
-1110001101101
In base 15, what is 10322 - 18?
10309
In base 11, what is 0 - 781a?
-781a
In base 10, what is 1 - -72449?
72450
In base 9, what is -30 + 3451?
3421
In base 10, what is -2 + -508645?
-508647
In base 9, what is 136 - 3326?
-3180
In base 12, what is -69 + 3a8?
33b
In base 11, what is 1797 - -1658?
3344
In base 7, what is -2532212 - 3?
-2532215
In base 10, what is -878074 + -2?
-878076
In base 2, what is -1010111010001001100 - 101?
-1010111010001010001
In base 7, what is -215215 + 1?
-215214
In base 16, what is 1e41c + 4?
1e420
In base 12, what is -1 + -2b86?
-2b87
In base 2, what is 100 + -100111110101111010?
-100111110101110110
In base 12, what is 1338 + 49?
1385
In base 7, what is -3 - 5340?
-5343
In base 5, what is 2113 + 1200?
3313
In base 2, what is 11111000001 - -10100?
11111010101
In base 11, what is 407031 - 1?
407030
In base 4, what is 32 + -11331221?
-11331123
In base 7, what is 332 + 113036?
113401
In base 12, what is 4502 + 37?
4539
In base 15, what is 3d - -1c?
5a
In base 6, what is 50 + 244025?
244115
In base 15, what is -6a2 + -1e?
-6c1
In base 4, what is 2221200 - -12?
2221212
In base 4, what is -223110113 - -10?
-223110103
In base 2, what is 10 + -100010000011100?
-100010000011010
In base 14, what is 1702d - -2?
17031
In base 10, what is -76 + -361?
-437
In base 3, what is -11 + 2010211?
2010200
In base 6, what is -50 - -23530?
23440
In base 12, what is b5 - 191?
-98
In base 12, what is 2 - 13a58?
-13a56
In base 2, what is 11100000101010100000 - 0?
11100000101010100000
In base 14, what is 437 + 40?
477
In base 5, what is -2013143 - -12?
-2013131
In base 5, what is 2444443 + -1?
2444442
In base 4, what is 11 - 110000000?
-103333323
In base 10, what is 10095 - 2?
10093
In base 8, what is 3 - -171364?
171367
In base 16, what is a07 + -c?
9fb
In base 5, what is -3103 - 32342?
-41000
In base 13, what is a + ba2a?
ba37
In base 10, what is -83458 + -20?
-83478
In base 5, what is 10111432 + 41?
10112023
In base 9, what is -326 + -1076?
-1413
In base 9, what is -6 - 43748?
-43755
In base 11, what is -7660a + -3?
-76612
In base 11, what is 6436 + -4?
6432
In base 8, what is 44 - -6367?
6433
In base 15, what is 9bc0 - -5?
9bc5
In base 5, what is -1102 - 1144102?
-1200204
In base 6, what is -322 - 5504?
-10230
In base 13, what is 6 - -5639?
5642
In base 14, what is 3 + 1b3a3?
1b3a6
In base 3, what is -10200211 - 210?
-10201121
In base 8, what is 11 + -27117?
-27106
In base 13, what is -2 - -30b27?
30b25
In base 10, what is -2219 - 375?
-2594
In base 7, what is -26 - -60502?
60443
In base 9, what is -16264 - -447?
-15716
In base 4, what is -10 - -10210231?
10210221
In base 6, what is -10130043 + 11?
-10130032
In base 16, what is -32 - 621?
-653
In base 2, what is 1010000010110100100111 - -101?
1010000010110100101100
In base 3, what is -112001112 + 11220?
-111212122
In base 13, what is -4bc0 + -1b?
-4c0b
In base 8, what is -5 - -303537?
303532
In base 14, what is -34 - -7609?
75b5
In base 12, what is 4 - -2705?
2709
In base 12, what is -2b61 + -36?
-2b97
In base 8, what is 251 + 17?
270
In base 7, what is -123366 + -51?
-123450
In base 15, what is -d2db + 2?
-d2d9
In base 7, what is 202 + -65?
104
In base 16, what is -672 - -5?
-66d
In base 13, what is 32380 + -7?
32376
In base 4, what is 32201230 - -2?
32201232
In base 5, what is -10 + -31013034?
-31013044
In base 7, what is -1326431 - 2?
-1326433
In base 14, what is 3278 + d?
3287
In base 2, what is -100010000110100111100 - 0?
-100010000110100111100
In base 13, what is -7b + -b?
-89
In base 2, what is -11 + -1100011100111100100?
-1100011100111100111
In base 11, what is -71758 + 5?
-71753
In base 12, what is -329a + -4b?
-3329
In base 13, what is -3 - -9357?
9354
In base 8, what is -345 + -5?
-352
In base 13, what is -303 + 200?
-103
In base 2, what is -1111010100100111 + -10?
-1111010100101001
In base 4, what is 12001213 - -10?
12001223
In base 12, what is -7 - -121b53?
121b48
In base 12, what is a + 1448?
1456
In base 15, what is -5 + -ab9?
-abe
In base 7, what is -24012 + -5?
-24020
In base 16, what is -1618 - -2?
-1616
In base 2, what is 1000111 + 11101110001?
11110111000
In base 7, what is 131566 - -4?
131603
In base 8, what is 313741 - -1?
313742
In base 14, what is -17 + -4bc?
-4d5
In base 11, what is -624 + -18aa?
-2423
In base 14, what is -53 - -128a?
1237
In base 11, what is -5 - 210a5?
-210aa
In base 16, what is 885 - 4?
881
In base 14, what is -18 + -1a37?
-1a51
In base 5, what is -4121 - 2234?
-11410
In base 10, what is -5422 + 263?
-5159
In base 9, what is -744 - -82?
-652
In base 4, what is -32 - 1011013?
-1011111
In base 10, what is -2577134 + 2?
-2577132
In base 13, what is 8693 + 3?
8696
In base 6, what is 12 + -1531311?
-1531255
In base 6, what is 12152 + -1?
12151
In base 2, what is 10110 + 1101101111111?
1101110010101
In base 3, what is -112121100001 - -110?
-112121022121
In base 12, what is -372 - 17?
-389
In base 7, what is 2165055 + 16?
2165104
In base 9, what is -23 + 226502?
226468
In base 4, what is 1 - -120021?
120022
In base 14, what is -509 - 30?
-539
In base 12, what is 53 + 973?
a06
In base 6, what is 33 + -43212?
-43135
In base 15, what is 2 - 29b9?
-29b7
In base 11, what is -154 - 20?
-174
In base 10, what is 2 - 13871?
-13869
In base 7, what is 2163 - 223?
1640
In base 8, what is -7157 + 73?
-7064
In base 3, what is -2211 - 100021121?
-100101102
In base 2, what is -100011101110000 + -101?
-100011101110101
In base 9, what is 0 + 25276?
25276
In base 4, what is -133322 + 203?
-133113
In base 15, what is -7e2a9 - -1?
-7e2a8
In base 14, what is -21 - -1348?
1327
In base 12, what is -3a + -1a46?
-1a84
In base 8, what is -337306 + 4?
-337302
In base 9, what is -160160 - -41?
-160118
In base 8, what is 16 